 units digit of l(-11)?
0
Let t(w) = 146*w**2 - 4*w - 4. Let m be t(-1). Suppose 4*b - m = 574. Let j = -65 + b. What is the hundreds digit of j?
1
Suppose -10*d = -16*d + 3420. Suppose 0 = -4*y + y + d. What is the hundreds digit of y?
1
What is the thousands digit of (-11)/154 + 768216/112?
6
Suppose 72 = -22*j - 14*j. Let q(u) = -4 - u**2 - 19*u**2 + 31*u**2. What is the units digit of q(j)?
0
Suppose -5*o + 3*q = 2, 3*o + 4*q + 11 - 33 = 0. What is the hundreds digit of (o - (-602)/(-8))/((-15)/180)?
8
Let m be -49 + 50 + 1 + -77. Let y = m + 511. What is the hundreds digit of y?
4
Let s(a) = 2756*a**3 - a - 1. Let g be s(1). Suppose 2*i + 4*l = g, -2*i - 6*l + 2794 = -10*l. What is the units digit of i?
7
Suppose 0 = 4*k - 2*k - 2. Let f be (14/4 - 0)/(k/34). Let p = f + -73. What is the tens digit of p?
4
Let m = 13798 - 9116. What is the hundreds digit of m?
6
Let f(d) = -4493*d + 12978. What is the tens digit of f(-12)?
9
Suppose -v + 4*k = -15, -4*v = k - 14 - 46. What is the thousands digit of ((-51)/v)/((-2)/610)?
1
Let p = -2095 - -13133. What is the hundreds digit of p?
0
Let g be 1/(-5) + (-3)/(-15) + 9. Suppose g*h - 2052 = 3*h. Suppose -4*q = -102 - h. What is the units digit of q?
1
Let d(a) = 2*a**2 + 105*a - 5650. What is the ten thousands digit of d(69)?
1
Suppose 0 = 2*a - 3*m - 678, 3*m - 696 = -4*a + 642. Suppose 4*q + 4*u - a = 0, -5*u + 4 = 14. Let r = q + -29. What is the units digit of r?
7
Let c = 983 + -1510. Let u = 692 - c. Suppose -134 = -11*v + u. What is the hundreds digit of v?
1
Let i = -158 - -163. Let l(u) = 14*u**2 - 3*u - 7. What is the hundreds digit of l(i)?
3
Suppose -2*j - 5*o = -475, 4*o - 154 - 85 = -j. Let h = j + -121. What is the units digit of ((-5)/5 - h)*2/(-5)?
6
Let h = 32 + 44. Let l be h/(-19) + 1 + 158. Suppose l = 2*n + 3*s, -238 = -5*n - 3*s + 145. What is the units digit of n?
6
Suppose -10*n + 4*n = -42. Let z(o) = -o**3 - 10*o**2 - 10*o + 5. Let g be z(-5). Let d = n - g. What is the tens digit of d?
7
Let p(x) = 1661*x + 200. Let u be p(8). Suppose 23*j - u = 31063. What is the units digit of j?
7
Suppose 232*q = 9514617 - 2107310 + 3178157. What is the units digit of q?
7
What is the tens digit of 2/9 + (22/396)/(3/1563882)?
6
Let d = 25292 + -13314. What is the ten thousands digit of d?
1
Let y(t) = -t**3 - 3*t**2 + 2*t - 4. Let v be y(-4). Let a = -3355 + 3362. Suppose -a*n + 638 = v*n. What is the tens digit of n?
5
Suppose 3*p + 2*p - 2*c = -1872, 1124 = -3*p + 2*c. Let o = 10 - p. What is the units digit of o?
4
Suppose -4*l + 2*q + 5040 = 0, 2*l - 2528 = 3*q + 2*q. Let m = l - 700. What is the units digit of m?
9
Let n be 15/3 + (-24)/8. Suppose y + 12 = 5*i, 2*i - 5 = -3*y + 10. Suppose -b = d - 85, 11 + 139 = n*b - i*d. What is the tens digit of b?
8
Let f = -121 + 97. What is the units digit of 99/(-2)*160/f?
0
Let n(y) = -17*y**3 - 220*y**2 - 67*y + 85. Let i(g) = 11*g**3 + 147*g**2 + 45*g - 57. Let m(o) = -8*i(o) - 5*n(o). What is the units digit of m(-25)?
1
Let u(j) = 76*j**2 - 25*j - 42. Let d = -502 + 500. What is the hundreds digit of u(d)?
3
Let b = -1297 - -1851. Let v = b - 116. Suppose v - 104 = 2*g. What is the hundreds digit of g?
1
Let o(p) = -65*p - 12. Let d(s) = -4*s**2 + 25*s. Let y be d(4). Suppose -u = 8*u + y. What is the tens digit of o(u)?
4
Let h = 68 + 182. Suppose -h*w + 654 = -247*w. What is the hundreds digit of w?
2
Let c = -5821 - -15367. What is the units digit of c?
6
Let x(f) = -f**3 + 3*f**2 + 6*f + 5. Let l be x(4). Let h = l - 13. Suppose 0*c - 38 = -2*c - 2*n, h = 5*c - 3*n - 63. What is the tens digit of c?
1
Let d be 40/180 - 26115/27. Let o = -224 - d. What is the hundreds digit of o?
7
Let n(a) = 59*a - 393. Let k be n(7). Let i be 2 + 20 + 0/(-1). Let v = k + i. What is the tens digit of v?
4
Let b(r) = 4029*r**2 - r. Let x be b(1). Suppose -x = -13*v - 895. What is the hundreds digit of v?
2
Let s = 249 + -249. Suppose s = -3*d + 145 + 203. What is the units digit of d?
6
Let t be (-2)/(-14) + 18 + (-2286)/126. Let g(p) = -16 + 54 + p + 21. What is the tens digit of g(t)?
5
Let k = 37 - 35. Suppose -6 = -3*t - 5*z - 31, t - k*z - 10 = 0. Suppose t = -7*u + 9*u - 26. What is the units digit of u?
3
Let i(d) be the first derivative of -d**3/3 - 3*d**2/2 + 293*d + 97. What is the hundreds digit of i(0)?
2
Let k(v) = -2*v**3 + 19*v**2 + 22*v - 80. What is the thousands digit of k(-9)?
2
Let l(y) = -8*y**3 - 15*y**2 - 31*y - 49. Let b(s) = -7*s**3 - 15*s**2 - 30*s - 50. Let r(i) = 7*b(i) - 6*l(i). What is the tens digit of r(-18)?
4
What is the units digit of -10 + (-10 - -18 - -5872)?
0
Suppose 0 = -2*k + 5*v + 6675, -3*k - 2*k = 4*v - 16704. What is the hundreds digit of k?
3
Suppose 5*j - 1 = -31. Let b be -2*j/(-4) - -3. What is the tens digit of b - (-71 - (0 - -3))?
7
Let p = 40224 - 20006. What is the hundreds digit of p?
2
Let v(j) = -2*j**2 + 90*j + 9. Let r be v(45). Let b(i) = 0*i**2 - i**2 + 37*i - 14*i - 6. What is the hundreds digit of b(r)?
1
Let m(i) = -1. Let k(d) = -d**3 - 3*d**2 - 3*d - 11. Let l(w) = k(w) - 5*m(w). Let x be (346/(-1211))/(0 + 1/14). What is the units digit of l(x)?
2
Let h(b) = -b - 12. Let r(g) be the second derivative of g**3/2 + 12*g**2 - 6*g. Let c(i) = -5*h(i) - 2*r(i). What is the tens digit of c(-15)?
2
Let b(q) = -q**3 + 14*q**2 - 11*q - 16. Let r be b(13). Suppose x + r - 77 = 0. What is the units digit of x?
7
What is the units digit of 177/5487 + 4218942/93?
5
Let p(o) = o**2 + 5*o - 21. Let c be p(-9). Let v = -5 - -13. Suppose -v*n + c = -3*n. What is the units digit of n?
3
Let v be 2/8 - (-30)/8. Suppose v*c - 1080 + 218 = -x, c - x - 213 = 0. What is the hundreds digit of c?
2
Let k(n) = 6*n**3 - 61*n**2 + 582*n - 4. What is the units digit of k(11)?
3
Suppose -3*h + 5 = -i, 0 = 2*h - 6*h + 2*i + 10. Suppose -5*k + 1390 - 130 = h. What is the tens digit of k?
5
Suppose -3*c + 62088 = 5*u, 7*u + 3*c - 37254 = 4*u. What is the units digit of 2/(-7) - u/(-21)?
1
Let p(c) = 139*c**2 + 94*c - 4. What is the hundreds digit of p(-3)?
9
Suppose 19*c = d + 18*c - 9033, d = 5*c + 9037. What is the tens digit of d?
3
Suppose -3*a + 3*b = -b + 1592, -1066 = 2*a + 2*b. What is the units digit of ((-4)/8)/(7/a)?
8
Let w(t) = t**3 + 31*t**2 + 17*t - 37. What is the units digit of w(-16)?
1
Suppose 0 = -13*u + 20*u + 133. Let j(l) = -61*l + 161. What is the hundreds digit of j(u)?
3
Suppose -4*v = m + 85, 4*v = -0*m + 4*m + 240. Suppose 5*i + 4*w + 568 = -0*w, -w + 110 = -i. Let a = m - i. What is the units digit of a?
7
Suppose -288 = 7*n - 11*n. What is the units digit of n?
2
Let g = 476 - -6818. What is the tens digit of g?
9
What is the thousands digit of 330/(-4 + 14 + (-2808)/281)?
6
Suppose 1944 = 2*t - 450. Suppose 78*k - 87*k + t = 0. What is the hundreds digit of k?
1
Suppose 2*p + 1856 = -788. Let r = 1940 + p. What is the units digit of r?
8
What is the units digit of (31/3)/(190/103170)?
1
Let d(p) = -p**2 - 4*p + 23. Let i be d(-7). Suppose -i*u - 2*h = -76, -h = -4*u + 87 + 80. Suppose u*x - 32*x - 1314 = 0. What is the tens digit of x?
4
Let g = -790 + 1345. Let x = -85 + g. What is the hundreds digit of x?
4
Suppose 0 = -4*m + 3*n + 41096, -18*n - 10274 = -m - 13*n. What is the tens digit of m?
7
Let q be -1 + (-6)/(-5)*40/12. Let s be (300 + q - -3) + 3. Let y = 479 - s. What is the tens digit of y?
7
Suppose 54*a - 168660 + 46042 = 242530. What is the units digit of a?
2
Suppose -4*w = -s - 3*s - 8720, -40 = -8*s. What is the tens digit of w?
8
Let t = -32 + 37. Let p = t + -53. Let y = 64 - p. What is the hundreds digit of y?
1
Let l(o) = -3109*o**3 + 1. Let v be l(-1). Suppose -6*p = 836 - v. What is the units digit of p?
9
Let x(q) = -14*q - 190*q**3 - 19*q**2 + 101*q**3 + 92*q**3 - 27. What is the hundreds digit of x(10)?
9
Let d = -5 + 7. Suppose -d*q - 9*q - 22 = 0. What is the hundreds digit of (-251)/q - (-2)/(-4)?
1
Suppose -25693 = -9*x + 17309. What is the units digit of x?
8
Let w(d) = -d**2 - 34*d - 96. Let x be w(-31). What is the hundreds digit of 202 - (x + 0) - (-2 + -2)?
2
Suppose -163 = 5*d - 188. Suppose d*k - 41 - 269 = 0. What is the tens digit of k?
6
Let s(p) = 429*p - 5. Suppose 5*b - 9*y + 8*y = 2, 0 = -2*b - 3*y + 11. What is the hundreds digit of